5
What is 2 (base 11) in base 16?
2
Convert 39 (base 12) to base 6.
113
Convert -103 (base 4) to base 11.
-18
What is 10 (base 13) in base 12?
11
What is 265 (base 9) in base 3?
22012
Convert 23 (base 5) to base 16.
d
What is 10 (base 4) in base 14?
4
What is -1 (base 5) in base 3?
-1
Convert -110 (base 2) to base 6.
-10
Convert 14 (base 6) to base 15.
a
Convert 0 (base 12) to base 6.
0
-1 (base 11) to base 15
-1
-11000110 (base 2) to base 3
-21100
-120 (base 7) to base 14
-47
4 (base 16) to base 10
4
Convert -4 (base 10) to base 13.
-4
What is -7 (base 11) in base 3?
-21
-111 (base 4) to base 7
-30
What is -3 (base 15) in base 13?
-3
Convert 45 (base 11) to base 14.
37
What is 1011111 (base 2) in base 8?
137
50 (base 14) to base 7
130
-68 (base 16) to base 4
-1220
1a (base 12) to base 14
18
What is 6 (base 11) in base 3?
20
0 (base 15) to base 2
0
What is -10 (base 13) in base 6?
-21
Convert -3 (base 14) to base 2.
-11
What is -32 (base 5) in base 12?
-15
-1 (base 15) to base 6
-1
2112 (base 4) to base 11
127
What is 33 (base 9) in base 7?
42
What is 14 (base 16) in base 3?
202
What is -1 (base 2) in base 14?
-1
79 (base 12) to base 13
72
What is 15 (base 9) in base 12?
12
Convert 200 (base 3) to base 8.
22
1 (base 7) to base 10
1
What is -11 (base 13) in base 6?
-22
Convert 3 (base 10) to base 8.
3
What is 7 (base 13) in base 2?
111
What is -8 (base 12) in base 6?
-12
Convert -19 (base 10) to base 16.
-13
Convert 20 (base 5) to base 16.
a
Convert -302 (base 9) to base 5.
-1440
-14 (base 10) to base 4
-32
Convert 0 (base 13) to base 14.
0
What is 110 (base 2) in base 9?
6
Convert -27 (base 12) to base 7.
-43
What is -56 (base 8) in base 14?
-34
Convert 4 (base 16) to base 7.
4
What is -3 (base 15) in base 4?
-3
What is -2000 (base 3) in base 12?
-46
Convert -1101 (base 2) to base 3.
-111
Convert -10221 (base 3) to base 2.
-1101010
110 (base 2) to base 11
6
Convert 2 (base 11) to base 9.
2
Convert 0 (base 13) to base 4.
0
Convert -7 (base 8) to base 4.
-13
What is b (base 15) in base 9?
12
What is -53 (base 6) in base 15?
-23
What is 51 (base 7) in base 3?
1100
Convert 3 (base 15) to base 9.
3
Convert 151 (base 10) to base 7.
304
Convert 13 (base 8) to base 13.
b
What is 78 (base 16) in base 2?
1111000
3c (base 13) to base 4
303
What is -39 (base 11) in base 9?
-46
What is 5 (base 9) in base 14?
5
0 (base 2) to base 11
0
-20121 (base 3) to base 4
-2302
What is 1 (base 14) in base 16?
1
-b6 (base 14) to base 16
-a0
11 (base 11) to base 16
c
Convert -10 (base 2) to base 5.
-2
Convert 8 (base 14) to base 15.
8
What is 1a (base 13) in base 12?
1b
211 (base 5) to base 15
3b
What is 121 (base 4) in base 3?
221
What is 1122 (base 4) in base 15?
60
12 (base 9) to base 4
23
What is 206 (base 9) in base 16?
a8
What is -1 (base 3) in base 6?
-1
Convert 0 (base 12) to base 14.
0
What is 5 (base 7) in base 13?
5
12 (base 4) to base 16
6
Convert 0 (base 2) to base 6.
0
What is -13 (base 13) in base 12?
-14
1 (base 3) to base 5
1
-21 (base 16) to base 9
-36
What is 15 (base 7) in base 15?
c
Convert -3e (base 15) to base 11.
-54
Convert 11 (base 3) to base 11.
4
What is -2 (base 5) in base 4?
-2
1011 (base 2) to base 15
b
-21 (base 3) to base 2
-111
-65 (base 13) to base 12
-6b
What is 4 (base 15) in base 3?
11
What is -1 (base 3) in base 4?
-1
12 (base 16) to base 10
18
1 (base 12) to base 4
1
What is -153 (base 6) in base 15?
-49
-3 (base 6) to base 5
-3
0 (base 9) to base 16
0
Convert -54 (base 6) to base 15.
-24
Convert 21 (base 4) to base 2.
1001
Convert 102 (base 4) to base 9.
20
Convert 4 (base 8) to base 3.
11
What is 133 (base 6) in base 10?
57
Convert -24 (base 7) to base 3.
-200
Convert -31 (base 5) to base 2.
-10000
1 (base 2) to base 9
1
Convert -30 (base 4) to base 2.
-1100
-11002 (base 3) to base 4
-1232
Convert 27 (base 14) to base 16.
23
-6 (base 10) to base 14
-6
-8 (base 11) to base 4
-20
200 (base 3) to base 14
14
-20 (base 8) to base 2
-10000
2 (base 16) to base 7
2
Convert -1100 (base 2) to base 9.
-13
What is 122 (base 3) in base 8?
21
-7 (base 8) to base 3
-21
-3 (base 6) to base 4
-3
What is -14 (base 14) in base 2?
-10010
Convert 1011111 (base 2) to base 16.
5f
What is -110 (base 4) in base 16?
-14
-d (base 16) to base 15
-d
241 (base 6) to base 13
76
Convert -8a (base 11) to base 5.
-343
What is e (base 15) in base 7?
20
Convert 23 (base 13) to base 7.
41
-101 (base 2) to base 7
-5
What is 10 (base 4) in base 14?
4
What is 80 (base 12) in base 14?
6c
What is 173 (base 12) in base 7?
450
Convert 104 (base 12) to base 10.
148
Convert 1 (base 7) to base 16.
1
What is -1 (base 10) in base 8?
-1
What is 8 (base 14) in base 13?
8
b9 (base 16) to base 14
d3
What is -88 (base 15) in base 4?
-2000
What is 1311 (base 5) in base 3?
21122
3 (base 7) to base 9
3
What is -10 (base 5) in base 14?
-5
What is 1011 (base 5) in base 4?
2003
142 (base 6) to base 5
222
-21 (base 4) to base 16
-9
Convert 17 (base 12) to base 2.
10011
Convert 403 (base 6) to base 3.
12110
-20 (base 5) to base 15
-a
-101 (base 2) to base 13
-5
What is 84 (base 13) in base 4?
1230
-201 (base 5) to base 10
-51
-13 (base 6) to base 4
-21
What is 21 (base 5) in base 7?
14
Convert -4 (base 5) to base 3.
-11
Convert 21 (base 4) to base 16.
9
Convert 65 (base 10) to base 13.
50
What is -20 (base 9) in base 13?
-15
Convert 11101 (base 3) to base 11.
a8
What is -4 (base 10) in base 7?
-4
Convert -10000010 (base 2) to base 12.
-aa
-226 (base 7) to base 14
-86
What is 0 (base 12) in base 8?
0
What is 31 (base 9) in base 14?
20
-1200 (base 3) to base 13
-36
Convert 5 (base 9) to base 16.
5
25 (base 15) to base 14
27
Convert 10011 (base 2) to base 5.
34
-25 (base 16) to base 4
-211
-201 (base 3) to base 8
-23
Convert -7 (base 12) to base 15.
-7
218 (base 9) to base 7
344
Convert -6 (base 9) to base 2.
-110
-43 (base 15) to base 9
-70
Convert 2 (base 12) to base 10.
2
Convert 124 (base 8) to base 12.
70
0 (base 6) to base 16
0
Convert -28 (base 9) to base 13.
-20
What is -20 (base 4) in base 16?
-8
-41 (base 7) to base 9
-32
0 (base 9) to base 13
0
What is 24 (base 10) in base 6?
40
Convert 42 (base 15) to base 13.
4a
Convert 21 (base 13) to base 15.
1c
Convert 30 (base 13) to base 12.
33
Convert a (base 15) to base 13.
a
Convert 12 (base 12) to base 13.
11
What is -a (base 15) in base 14?
-a
41 (base 13) to base 10
53
-7 (base 8) to base 3
-21
-1001 (base 2) to base 6
-13
What is -41 (base 5) in base 15?
-16
1100 (base 2) to base 3
110
Convert -102210 (base 3) to base 16.
-13e
Convert -5 (base 9) to base 2.
-101
What is 15 (base 11) in base 2?
10000
-1054 (base 6) to base 9
-307
-150 (base 7) to base 13
-66
16 (base 7) to base 14
d
What is -19a (base 11) in base 7?
-446
Convert 42 (base 11) to base 9.
51
1 (base 5) to base 3
1
-6 (base 9) to base 3
-20
Convert -8 (base 9) to base 3.
-22
Convert 1aa (base 11) to base 12.
181
What is 222 (base 4) in base 8?
52
What is 2 (base 15) in base 4?
2
What is -4 (base 13) in base 10?
-4
Convert 12101 (base 3) to base 13.
b2
Convert 104 (base 15) to base 3.
22111
-10111 (base 2) to base 3
-212
Convert -55 (base 14) to base 15.
-50
What is 100101 (base 2) in base 4?
211
Convert 5 (base 7) to base 6.
5
9 (base 12) to base 11
9
39 (base 11) to base 8
52
Convert 0 (base 14) to base 12.
0
9 (base 16) to base 7
12
-1100 (base 2) to base 5
-22
What is 10 (base 7) in base 5?
12
2 (base 8) to base 14
2
What is -3 (base 14) in base 8?
-3
What is c (base 14) in base 3?
110
-50 (base 10) to base 3
-1212
Convert -10000011 (base 2) to base 13.
-a1
Convert -2b (base 12) to base 5.
-120
Convert -1 (base 14) to base 16.
-1
242 (base 8) to base 15
ac
-50 (base 10) to base 2
-110010
What is 6 (base 8) in base 3?
20
0 (base 13) to base 6
0
Convert -66 (base 13) to base 7.
-150
What is -103 (base 6) in base 8?
-47
Convert 1 (base 9) to base 14.
1
What is -455 (base 7) in base 6?
-1032
2332 (base 4) to base 9
231
What is 1 (base 8) in base 4?
1
Convert -43 (base 6) to base 13.
-21
What is 0 (base 14) in base 6?
0
-2 (base 12) to base 7
-2
-103 (base 4) to base 14
-15
Convert 14 (base 6) to base 9.
11
-2 (base 8) to base 3
-2
What is -1030 (base 4) in base 14?
-56
What is -1101011 (base 2) in base 10?
-107
Convert -116 (base 9) to base 5.
-341
Convert 0 (base 4) to